it of 45176596?
4
What is the ten millions digit of 2966386406?
6
What is the hundred thousands digit of 340797?
3
What is the hundred millions digit of 114914802?
1
What is the tens digit of 50050125?
2
What is the hundred thousands digit of 9643917?
6
What is the ten millions digit of 948358784?
4
What is the millions digit of 82221740?
2
What is the hundred millions digit of 784458782?
7
What is the units digit of 1733142541?
1
What is the hundred millions digit of 635859450?
6
What is the hundreds digit of 130858599?
5
What is the ten millions digit of 3034297948?
3
What is the hundred millions digit of 241918610?
2
What is the ten millions digit of 171010096?
7
What is the units digit of 289842822?
2
What is the ten thousands digit of 1692370953?
7
What is the ten thousands digit of 164821540?
2
What is the thousands digit of 5807492834?
2
What is the hundred thousands digit of 1348903309?
9
What is the ten thousands digit of 83260736?
6
What is the ten thousands digit of 1764219971?
1
What is the thousands digit of 361782810?
2
What is the units digit of 6804859695?
5
What is the hundred millions digit of 3464666819?
4
What is the hundreds digit of 388198274?
2
What is the millions digit of 534266831?
4
What is the ten thousands digit of 68678534?
7
What is the tens digit of 20575289?
8
What is the hundreds digit of 21054814?
8
What is the ten millions digit of 7231005899?
3
What is the thousands digit of 20211643?
1
What is the tens digit of 2404794285?
8
What is the hundreds digit of 84380235?
2
What is the hundreds digit of 703881303?
3
What is the thousands digit of 229740148?
0
What is the tens digit of 1856504750?
5
What is the units digit of 32858538?
8
What is the thousands digit of 160417639?
7
What is the tens digit of 1833409769?
6
What is the hundred thousands digit of 485886545?
8
What is the hundreds digit of 84158419?
4
What is the hundreds digit of 20451839?
8
What is the millions digit of 206799158?
6
What is the hundreds digit of 315301883?
8
What is the millions digit of 401049952?
1
What is the hundred thousands digit of 59631010?
6
What is the tens digit of 73049139?
3
What is the millions digit of 970249321?
0
What is the hundreds digit of 460903504?
5
What is the tens digit of 7239845523?
2
What is the ten millions digit of 44073152?
4
What is the units digit of 60072211?
1
What is the tens digit of 75605030?
3
What is the hundreds digit of 4406787902?
9
What is the units digit of 3031182077?
7
What is the hundred thousands digit of 385232211?
2
What is the tens digit of 8811380?
8
What is the hundred thousands digit of 49168140?
1
What is the hundreds digit of 75745264?
2
What is the millions digit of 78546560?
8
What is the tens digit of 30898968?
6
What is the units digit of 180941084?
4
What is the thousands digit of 59619492?
9
What is the ten millions digit of 3086654778?
8
What is the units digit of 81984159?
9
What is the thousands digit of 51372214?
2
What is the ten thousands digit of 1611053653?
5
What is the hundreds digit of 1597768788?
7
What is the ten millions digit of 422308336?
2
What is the millions digit of 150675487?
0
What is the hundred millions digit of 3549132847?
5
What is the ten millions digit of 6921644690?
2
What is the millions digit of 69182005?
9
What is the units digit of 73098470?
0
What is the billions digit of 5268198308?
5
What is the ten thousands digit of 133818767?
1
What is the ten millions digit of 2535540813?
3
What is the millions digit of 126585358?
6
What is the thousands digit of 2195528877?
8
What is the ten millions digit of 1766291723?
6
What is the thousands digit of 338331132?
1
What is the thousands digit of 470261885?
1
What is the ten millions digit of 1356442827?
5
What is the ten thousands digit of 1510282344?
8
What is the ten thousands digit of 702117773?
1
What is the thousands digit of 3411731?
1
What is the ten millions digit of 96865994?
9
What is the ten thousands digit of 8871227835?
2
What is the ten thousands digit of 26180002?
8
What is the tens digit of 884675207?
0
What is the ten thousands digit of 1217695154?
9
What is the hundreds digit of 7479352417?
4
What is the tens digit of 10393776?
7
What is the ten thousands digit of 3726847672?
4
What is the billions digit of 2673340502?
2
What is the hundred millions digit of 2688522521?
6
What is the hundreds digit of 93034223?
2
What is the tens digit of 430120229?
2
What is the millions digit of 82964431?
2
What is the ten thousands digit of 56151473?
5
What is the ten thousands digit of 19248994?
4
What is the ten millions digit of 3066459301?
6
What is the tens digit of 574514968?
6
What is the tens digit of 185232931?
3
What is the hundred thousands digit of 14597172?
5
What is the thousands digit of 1625473654?
3
What is the ten thousands digit of 1963616531?
1
What is the hundred thousands digit of 358279119?
2
What is the hundred thousands digit of 197001715?
0
What is the hundreds digit of 94253370?
3
What is the hundred millions digit of 1469233008?
4
What is the ten millions digit of 421117338?
2
What is the hundreds digit of 4188792?
7
What is the thousands digit of 929345960?
5
What is the hundred millions digit of 654227916?
6
What is the hundred thousands digit of 77337211?
3
What is the ten thousands digit of 808243137?
4
What is the tens digit of 73190806?
0
What is the ten thousands digit of 161895334?
9
What is the millions digit of 95100604?
5
What is the units digit of 84938217?
7
What is the hundred millions digit of 1123240000?
1
What is the hundred thousands digit of 321396913?
3
What is the ten millions digit of 1127174413?
2
What is the hundreds digit of 73307556?
5
What is the units digit of 80492293?
3
What is the ten millions digit of 2681185303?
8
What is the thousands digit of 40207072?
7
What is the ten millions digit of 235635280?
3
What is the units digit of 3703497140?
0
What is the thousands digit of 53135383?
5
What is the ten millions digit of 48871176?
4
What is the thousands digit of 1360084322?
4
What is the units digit of 534383310?
0
What is the billions digit of 2437934726?
2
What is the ten millions digit of 4924051312?
2
What is the units digit of 7371489?
9
What is the ten thousands digit of 1266335585?
3
What is the hundreds digit of 1441672488?
4
What is the thousands digit of 230406742?
6
What is the thousands digit of 434969726?
9
What is the thousands digit of 757365559?
5
What is the units digit of 1633522354?
4
What is the tens digit of 398615841?
4
What is the hundred thousands digit of 876325284?
3
What is the thousands digit of 1034555110?
5
What is the tens digit of 91959679?
7
What is the ten thousands digit of 407161946?
6
What is the hundreds digit of 34664340?
3
What is the tens digit of 207373247?
4
What is the millions digit of 419807944?
9
What is the thousands digit of 277729877?
9
What is the ten millions digit of 1410528222?
1
What is the thousands digit of 514183873?
3
What is the hundred thousands digit of 4350293309?
2
What is the millions digit of 1014103606?
4
What is the units digit of 51637016?
6
What is the ten thousands digit of 13223435?
2
What is the millions digit of 382443249?
2
What is the tens digit of 562563029?
2
What is the units digit of 29866471?
1
What is the millions digit of 381437472?
1
What is the thousands digit of 457076187?
6
What is the millions digit of 1850235601?
0
What is the hundreds digit of 89793654?
6
What is the tens digit of 401462702?
0
What is the tens digit of 297816551?
5
What is the ten millions digit of 914019937?
1
What is the ten thousands digit of 1039668013?
6
What is the hundreds digit of 6633666?
6
What is the hundred thousands digit of 5270191?
2
What is the tens digit of 4785189?
8
What is the hundred thousands digit of 100091680?
0
What is the ten millions digit of 55599190?
5
What is the hundreds digit of 357798510?
5
What is the tens digit of 3628996516?
1
What is the hundred thousands digit of 101924861?
9
What is the hundred thousands digit of 295263613?
2
What is the units digit of 210814584?
4
What is the billions digit of 1652891132?
1
What is the tens digit of 762935172?
7
What is the thousands digit of 98023724?
3
What is the hundreds digit of 221893060?
0
What is 